{"id":301,"date":"2015-12-09T11:00:07","date_gmt":"2015-12-09T11:00:07","guid":{"rendered":"http:\/\/demo.themelogi.com\/navian\/?page_id=301"},"modified":"2015-12-09T11:00:07","modified_gmt":"2015-12-09T11:00:07","slug":"heading-title","status":"publish","type":"page","link":"https:\/\/ocucenter.com\/index.php\/elements\/heading-title\/","title":{"rendered":"Heading Title"},"content":{"rendered":"<p>[vc_row full_width=\u00bbstretch_row\u00bb tlg_equal_height=\u00bbequal-height\u00bb][vc_column width=\u00bb1\/3&#8243; css=\u00bb.vc_custom_1523977171111{padding-top: 8% !important;padding-right: 8% !important;padding-bottom: 8% !important;padding-left: 8% !important;}\u00bb el_class=\u00bbtext-left\u00bb]<div class=\"headings-title \"><div class=\"mb16 mb-xs-40 text-left\"><h5  class=\"widgettitle\">Left heading<\/h5><div  class=\"widgetsubtitle\">Left heading subtitle<\/div><\/div><\/div>[vc_column_text]Anim pariatur cliche reprehenderit, enim eiusmod high life accusamus terry richardson ad squid. 3 wolf moon officia aute, non cupidatat skateboard dolor brunch. Food truck quinoa nesciunt laborum eiusmod. Lorem ipsum dolor sit amet, consetetur sadipscing elitr, sed diam nonumy eirmod tempor invidunt ut labore et dolore magna aliquyam erat, sed diam voluptua.[\/vc_column_text]<div class=\"tlg-spacer  \" data-height=\"70\" data-height-tablet=\"70\" data-height-mobile=\"40\" style=\"clear:both;display:block;height:70px;\"><\/div><div class=\"headings-title \"><div class=\"mb16 mb-xs-40 text-left\"><h5 style=\"color:#fa4e40!important;\" class=\"widgettitle\">Left heading<\/h5><div class=\"divider-wrap\"><div class=\"tlg-divider \" style=\"background-color:#fa4e40!important;\"><\/div><\/div><div style=\"color:#fa4e40!important;\" class=\"widgetsubtitle\">Left heading subtitle<\/div><\/div><\/div>[vc_column_text]Anim pariatur cliche reprehenderit, enim eiusmod high life accusamus terry richardson ad squid. 3 wolf moon officia aute, non cupidatat skateboard dolor brunch. Food truck quinoa nesciunt laborum eiusmod. Lorem ipsum dolor sit amet, consetetur sadipscing elitr, sed diam nonumy eirmod tempor invidunt ut labore et dolore magna aliquyam erat, sed diam voluptua.[\/vc_column_text]<div class=\"tlg-spacer  \" data-height=\"70\" data-height-tablet=\"70\" data-height-mobile=\"40\" style=\"clear:both;display:block;height:70px;\"><\/div><div class=\"headings-title \"><div class=\"mb16 mb-xs-40 text-left\"><h5 style=\"color:#49c5b6!important;\" class=\"widgettitle\">Left heading<\/h5><div class=\"divider-wrap\"><i style=\"color:#49c5b6!important;\" class=\"ti-thought\"><\/i><div class=\"tlg-divider tlg-divider-large\" style=\"\"><\/div><\/div><div  class=\"widgetsubtitle\">Left heading subtitle<\/div><\/div><\/div>[vc_column_text]Anim pariatur cliche reprehenderit, enim eiusmod high life accusamus terry richardson ad squid. 3 wolf moon officia aute, non cupidatat skateboard dolor brunch. Food truck quinoa nesciunt laborum eiusmod. Lorem ipsum dolor sit amet, consetetur sadipscing elitr, sed diam nonumy eirmod tempor invidunt ut labore et dolore magna aliquyam erat, sed diam voluptua.[\/vc_column_text][\/vc_column][vc_column width=\u00bb1\/3&#8243; css=\u00bb.vc_custom_1523977153342{padding-top: 8% !important;padding-right: 8% !important;padding-bottom: 8% !important;padding-left: 8% !important;background-color: #f2f2f2 !important;}\u00bb el_class=\u00bbtext-center\u00bb]<div class=\"headings-title \"><div class=\"mb16 mb-xs-40 text-center\"><h5  class=\"widgettitle\">Center heading<\/h5><div  class=\"widgetsubtitle\">Center heading subtitle<\/div><\/div><\/div>[vc_column_text]Anim pariatur cliche reprehenderit, enim eiusmod high life accusamus terry richardson ad squid. 3 wolf moon officia aute, non cupidatat skateboard dolor brunch. Food truck quinoa nesciunt laborum eiusmod. Lorem ipsum dolor sit amet, consetetur sadipscing elitr, sed diam nonumy eirmod tempor invidunt ut labore et dolore magna aliquyam erat, sed diam voluptua.[\/vc_column_text]<div class=\"tlg-spacer  \" data-height=\"70\" data-height-tablet=\"70\" data-height-mobile=\"40\" style=\"clear:both;display:block;height:70px;\"><\/div><div class=\"headings-title \"><div class=\"mb16 mb-xs-40 text-center\"><h5 style=\"color:#fa4e40!important;\" class=\"widgettitle\">Center heading<\/h5><div class=\"divider-wrap\"><div class=\"tlg-divider \" style=\"background-color:#fa4e40!important;\"><\/div><\/div><div style=\"color:#fa4e40!important;\" class=\"widgetsubtitle\">Center heading subtitle<\/div><\/div><\/div>[vc_column_text]Anim pariatur cliche reprehenderit, enim eiusmod high life accusamus terry richardson ad squid. 3 wolf moon officia aute, non cupidatat skateboard dolor brunch. Food truck quinoa nesciunt laborum eiusmod. Lorem ipsum dolor sit amet, consetetur sadipscing elitr, sed diam nonumy eirmod tempor invidunt ut labore et dolore magna aliquyam erat, sed diam voluptua.[\/vc_column_text]<div class=\"tlg-spacer  \" data-height=\"70\" data-height-tablet=\"70\" data-height-mobile=\"40\" style=\"clear:both;display:block;height:70px;\"><\/div><div class=\"headings-title \"><div class=\"mb16 mb-xs-40 text-center\"><h5 style=\"color:#49c5b6!important;\" class=\"widgettitle\">Center heading<\/h5><div class=\"divider-wrap\"><i style=\"color:#49c5b6!important;\" class=\"ti-package\"><\/i><div class=\"tlg-divider tlg-divider-large\" style=\"\"><\/div><\/div><div  class=\"widgetsubtitle\">Center heading subtitle<\/div><\/div><\/div>[vc_column_text]Anim pariatur cliche reprehenderit, enim eiusmod high life accusamus terry richardson ad squid. 3 wolf moon officia aute, non cupidatat skateboard dolor brunch. Food truck quinoa nesciunt laborum eiusmod. Lorem ipsum dolor sit amet, consetetur sadipscing elitr, sed diam nonumy eirmod tempor invidunt ut labore et dolore magna aliquyam erat, sed diam voluptua.[\/vc_column_text][\/vc_column][vc_column width=\u00bb1\/3&#8243; css=\u00bb.vc_custom_1523977163081{padding-top: 8% !important;padding-right: 8% !important;padding-bottom: 8% !important;padding-left: 8% !important;}\u00bb el_class=\u00bbtext-right\u00bb]<div class=\"headings-title \"><div class=\"mb16 mb-xs-40 text-right\"><h5  class=\"widgettitle\">Right heading<\/h5><div  class=\"widgetsubtitle\">Right heading subtitle<\/div><\/div><\/div>[vc_column_text]Anim pariatur cliche reprehenderit, enim eiusmod high life accusamus terry richardson ad squid. 3 wolf moon officia aute, non cupidatat skateboard dolor brunch. Food truck quinoa nesciunt laborum eiusmod. Lorem ipsum dolor sit amet, consetetur sadipscing elitr, sed diam nonumy eirmod tempor invidunt ut labore et dolore magna aliquyam erat, sed diam voluptua.[\/vc_column_text]<div class=\"tlg-spacer  \" data-height=\"70\" data-height-tablet=\"70\" data-height-mobile=\"40\" style=\"clear:both;display:block;height:70px;\"><\/div><div class=\"headings-title \"><div class=\"mb16 mb-xs-40 text-right\"><h5 style=\"color:#fa4e40!important;\" class=\"widgettitle\">Right heading<\/h5><div class=\"divider-wrap\"><div class=\"tlg-divider \" style=\"background-color:#fa4e40!important;\"><\/div><\/div><div style=\"color:#fa4e40!important;\" class=\"widgetsubtitle\">Right heading subtitle<\/div><\/div><\/div>[vc_column_text]Anim pariatur cliche reprehenderit, enim eiusmod high life accusamus terry richardson ad squid. 3 wolf moon officia aute, non cupidatat skateboard dolor brunch. Food truck quinoa nesciunt laborum eiusmod. Lorem ipsum dolor sit amet, consetetur sadipscing elitr, sed diam nonumy eirmod tempor invidunt ut labore et dolore magna aliquyam erat, sed diam voluptua.[\/vc_column_text]<div class=\"tlg-spacer  \" data-height=\"70\" data-height-tablet=\"70\" data-height-mobile=\"40\" style=\"clear:both;display:block;height:70px;\"><\/div><div class=\"headings-title \"><div class=\"mb16 mb-xs-40 text-right\"><h5 style=\"color:#49c5b6!important;\" class=\"widgettitle\">Right heading<\/h5><div class=\"divider-wrap\"><i style=\"color:#49c5b6!important;\" class=\"ti-comment-alt\"><\/i><div class=\"tlg-divider tlg-divider-large\" style=\"\"><\/div><\/div><div  class=\"widgetsubtitle\">Right heading subtitle<\/div><\/div><\/div>[vc_column_text]Anim pariatur cliche reprehenderit, enim eiusmod high life accusamus terry richardson ad squid. 3 wolf moon officia aute, non cupidatat skateboard dolor brunch. Food truck quinoa nesciunt laborum eiusmod. Lorem ipsum dolor sit amet, consetetur sadipscing elitr, sed diam nonumy eirmod tempor invidunt ut labore et dolore magna aliquyam erat, sed diam voluptua.[\/vc_column_text][\/vc_column][\/vc_row][vc_row tlg_background_style=\u00bbbg-secondary\u00bb][vc_column]<div class=\"headings-title \"><div class=\"mb40 mb-xs-40 text-left\"><div class=\"section-label\"><div class=\"gray-color s-text\">01 \u2014<\/div><h5  class=\"widgettitle mb0 uppercase-force s-text\">What we do<\/h5><\/div><div class=\"container container-content\"><h2 >We make it simple<\/h2><\/div><\/div><\/div>[vc_column_text]Anim pariatur cliche reprehenderit, enim eiusmod high life accusamus terry richardson ad squid. 3 wolf moon officia aute, non cupidatat skateboard dolor brunch. Food truck quinoa nesciunt laborum eiusmod. Lorem ipsum dolor sit amet, consetetur sadipscing elitr, sed diam nonumy eirmod tempor invidunt ut labore et dolore magna aliquyam erat, sed diam voluptua.[\/vc_column_text][\/vc_column][\/vc_row]<\/p>\n","protected":false},"excerpt":{"rendered":"<p>[vc_row full_width=\u00bbstretch_row\u00bb tlg_equal_height=\u00bbequal-height\u00bb][vc_column width=\u00bb1\/3&#8243; css=\u00bb.vc_custom_1523977171111{padding-top: 8% !important;padding-right: 8% !important;padding-bottom: 8% !important;padding-left: 8% !important;}\u00bb el_class=\u00bbtext-left\u00bb][vc_column_text]Anim pariatur cliche reprehenderit, enim eiusmod high life accusamus terry richardson ad squid. 3 wolf moon officia aute, non cupidatat skateboard dolor brunch. Food truck quinoa nesciunt laborum eiusmod. Lorem ipsum dolor sit amet, consetetur sadipscing elitr, sed diam nonumy eirmod tempor&#8230;<\/p>\n","protected":false},"author":1,"featured_media":8304,"parent":133,"menu_order":0,"comment_status":"closed","ping_status":"closed","template":"","meta":{"footnotes":""},"class_list":["post-301","page","type-page","status-publish","has-post-thumbnail","hentry"],"yoast_head":"<!-- This site is optimized with the Yoast SEO plugin v26.0 - https:\/\/yoast.com\/wordpress\/plugins\/seo\/ -->\n<title>Heading Title - Ocucenter | Salud Visual<\/title>\n<meta name=\"robots\" content=\"index, follow, max-snippet:-1, max-image-preview:large, max-video-preview:-1\" \/>\n<link rel=\"canonical\" href=\"https:\/\/ocucenter.com\/index.php\/elements\/heading-title\/\" \/>\n<meta property=\"og:locale\" content=\"es_ES\" \/>\n<meta property=\"og:type\" content=\"article\" \/>\n<meta property=\"og:title\" content=\"Heading Title - Ocucenter | Salud Visual\" \/>\n<meta property=\"og:description\" content=\"[vc_row full_width=\u00bbstretch_row\u00bb tlg_equal_height=\u00bbequal-height\u00bb][vc_column width=\u00bb1\/3&#8243; css=\u00bb.vc_custom_1523977171111{padding-top: 8% !important;padding-right: 8% !important;padding-bottom: 8% !important;padding-left: 8% !important;}\u00bb el_class=\u00bbtext-left\u00bb][vc_column_text]Anim pariatur cliche reprehenderit, enim eiusmod high life accusamus terry richardson ad squid. 3 wolf moon officia aute, non cupidatat skateboard dolor brunch. Food truck quinoa nesciunt laborum eiusmod. Lorem ipsum dolor sit amet, consetetur sadipscing elitr, sed diam nonumy eirmod tempor...\" \/>\n<meta property=\"og:url\" content=\"https:\/\/ocucenter.com\/index.php\/elements\/heading-title\/\" \/>\n<meta property=\"og:site_name\" content=\"Ocucenter | Salud Visual\" \/>\n<meta property=\"article:publisher\" content=\"https:\/\/www.facebook.com\/profile.php?id=61572799346947\" \/>\n<meta property=\"og:image\" content=\"https:\/\/ocucenter.com\/wp-content\/uploads\/2019\/06\/collaboratings.jpg\" \/>\n\t<meta property=\"og:image:width\" content=\"1920\" \/>\n\t<meta property=\"og:image:height\" content=\"1278\" \/>\n\t<meta property=\"og:image:type\" content=\"image\/jpeg\" \/>\n<meta name=\"twitter:card\" content=\"summary_large_image\" \/>\n<meta name=\"twitter:label1\" content=\"Tiempo de lectura\" \/>\n\t<meta name=\"twitter:data1\" content=\"5 minutos\" \/>\n<script type=\"application\/ld+json\" class=\"yoast-schema-graph\">{\"@context\":\"https:\/\/schema.org\",\"@graph\":[{\"@type\":\"WebPage\",\"@id\":\"https:\/\/ocucenter.com\/index.php\/elements\/heading-title\/\",\"url\":\"https:\/\/ocucenter.com\/index.php\/elements\/heading-title\/\",\"name\":\"Heading Title - Ocucenter | Salud Visual\",\"isPartOf\":{\"@id\":\"https:\/\/ocucenter.com\/#website\"},\"primaryImageOfPage\":{\"@id\":\"https:\/\/ocucenter.com\/index.php\/elements\/heading-title\/#primaryimage\"},\"image\":{\"@id\":\"https:\/\/ocucenter.com\/index.php\/elements\/heading-title\/#primaryimage\"},\"thumbnailUrl\":\"https:\/\/ocucenter.com\/wp-content\/uploads\/2019\/06\/collaboratings.jpg\",\"datePublished\":\"2015-12-09T11:00:07+00:00\",\"breadcrumb\":{\"@id\":\"https:\/\/ocucenter.com\/index.php\/elements\/heading-title\/#breadcrumb\"},\"inLanguage\":\"es\",\"potentialAction\":[{\"@type\":\"ReadAction\",\"target\":[\"https:\/\/ocucenter.com\/index.php\/elements\/heading-title\/\"]}]},{\"@type\":\"ImageObject\",\"inLanguage\":\"es\",\"@id\":\"https:\/\/ocucenter.com\/index.php\/elements\/heading-title\/#primaryimage\",\"url\":\"https:\/\/ocucenter.com\/wp-content\/uploads\/2019\/06\/collaboratings.jpg\",\"contentUrl\":\"https:\/\/ocucenter.com\/wp-content\/uploads\/2019\/06\/collaboratings.jpg\",\"width\":1920,\"height\":1278,\"caption\":\"Conversation\"},{\"@type\":\"BreadcrumbList\",\"@id\":\"https:\/\/ocucenter.com\/index.php\/elements\/heading-title\/#breadcrumb\",\"itemListElement\":[{\"@type\":\"ListItem\",\"position\":1,\"name\":\"Portada\",\"item\":\"https:\/\/ocucenter.com\/\"},{\"@type\":\"ListItem\",\"position\":2,\"name\":\"Elements\",\"item\":\"https:\/\/ocucenter.com\/index.php\/elements\/\"},{\"@type\":\"ListItem\",\"position\":3,\"name\":\"Heading Title\"}]},{\"@type\":\"WebSite\",\"@id\":\"https:\/\/ocucenter.com\/#website\",\"url\":\"https:\/\/ocucenter.com\/\",\"name\":\"Ocucenter | Salud Visual\",\"description\":\"Consultas y descartes oftalmol\u00f3gicos en Bre\u00f1a, diagn\u00f3stico temprano\",\"publisher\":{\"@id\":\"https:\/\/ocucenter.com\/#organization\"},\"potentialAction\":[{\"@type\":\"SearchAction\",\"target\":{\"@type\":\"EntryPoint\",\"urlTemplate\":\"https:\/\/ocucenter.com\/?s={search_term_string}\"},\"query-input\":{\"@type\":\"PropertyValueSpecification\",\"valueRequired\":true,\"valueName\":\"search_term_string\"}}],\"inLanguage\":\"es\"},{\"@type\":\"Organization\",\"@id\":\"https:\/\/ocucenter.com\/#organization\",\"name\":\"Ocucenter | Salud Visual\",\"url\":\"https:\/\/ocucenter.com\/\",\"logo\":{\"@type\":\"ImageObject\",\"inLanguage\":\"es\",\"@id\":\"https:\/\/ocucenter.com\/#\/schema\/logo\/image\/\",\"url\":\"https:\/\/ocucenter.com\/wp-content\/uploads\/2025\/09\/icono.png\",\"contentUrl\":\"https:\/\/ocucenter.com\/wp-content\/uploads\/2025\/09\/icono.png\",\"width\":512,\"height\":512,\"caption\":\"Ocucenter | Salud Visual\"},\"image\":{\"@id\":\"https:\/\/ocucenter.com\/#\/schema\/logo\/image\/\"},\"sameAs\":[\"https:\/\/www.facebook.com\/profile.php?id=61572799346947\",\"https:\/\/www.instagram.com\/ocucenter_oftalmologia\/\",\"https:\/\/www.tiktok.com\/@ocucenter_oftalmologia\"]}]}<\/script>\n<!-- \/ Yoast SEO plugin. -->","yoast_head_json":{"title":"Heading Title - Ocucenter | Salud Visual","robots":{"index":"index","follow":"follow","max-snippet":"max-snippet:-1","max-image-preview":"max-image-preview:large","max-video-preview":"max-video-preview:-1"},"canonical":"https:\/\/ocucenter.com\/index.php\/elements\/heading-title\/","og_locale":"es_ES","og_type":"article","og_title":"Heading Title - Ocucenter | Salud Visual","og_description":"[vc_row full_width=\u00bbstretch_row\u00bb tlg_equal_height=\u00bbequal-height\u00bb][vc_column width=\u00bb1\/3&#8243; css=\u00bb.vc_custom_1523977171111{padding-top: 8% !important;padding-right: 8% !important;padding-bottom: 8% !important;padding-left: 8% !important;}\u00bb el_class=\u00bbtext-left\u00bb][vc_column_text]Anim pariatur cliche reprehenderit, enim eiusmod high life accusamus terry richardson ad squid. 3 wolf moon officia aute, non cupidatat skateboard dolor brunch. Food truck quinoa nesciunt laborum eiusmod. Lorem ipsum dolor sit amet, consetetur sadipscing elitr, sed diam nonumy eirmod tempor...","og_url":"https:\/\/ocucenter.com\/index.php\/elements\/heading-title\/","og_site_name":"Ocucenter | Salud Visual","article_publisher":"https:\/\/www.facebook.com\/profile.php?id=61572799346947","og_image":[{"width":1920,"height":1278,"url":"https:\/\/ocucenter.com\/wp-content\/uploads\/2019\/06\/collaboratings.jpg","type":"image\/jpeg"}],"twitter_card":"summary_large_image","twitter_misc":{"Tiempo de lectura":"5 minutos"},"schema":{"@context":"https:\/\/schema.org","@graph":[{"@type":"WebPage","@id":"https:\/\/ocucenter.com\/index.php\/elements\/heading-title\/","url":"https:\/\/ocucenter.com\/index.php\/elements\/heading-title\/","name":"Heading Title - Ocucenter | Salud Visual","isPartOf":{"@id":"https:\/\/ocucenter.com\/#website"},"primaryImageOfPage":{"@id":"https:\/\/ocucenter.com\/index.php\/elements\/heading-title\/#primaryimage"},"image":{"@id":"https:\/\/ocucenter.com\/index.php\/elements\/heading-title\/#primaryimage"},"thumbnailUrl":"https:\/\/ocucenter.com\/wp-content\/uploads\/2019\/06\/collaboratings.jpg","datePublished":"2015-12-09T11:00:07+00:00","breadcrumb":{"@id":"https:\/\/ocucenter.com\/index.php\/elements\/heading-title\/#breadcrumb"},"inLanguage":"es","potentialAction":[{"@type":"ReadAction","target":["https:\/\/ocucenter.com\/index.php\/elements\/heading-title\/"]}]},{"@type":"ImageObject","inLanguage":"es","@id":"https:\/\/ocucenter.com\/index.php\/elements\/heading-title\/#primaryimage","url":"https:\/\/ocucenter.com\/wp-content\/uploads\/2019\/06\/collaboratings.jpg","contentUrl":"https:\/\/ocucenter.com\/wp-content\/uploads\/2019\/06\/collaboratings.jpg","width":1920,"height":1278,"caption":"Conversation"},{"@type":"BreadcrumbList","@id":"https:\/\/ocucenter.com\/index.php\/elements\/heading-title\/#breadcrumb","itemListElement":[{"@type":"ListItem","position":1,"name":"Portada","item":"https:\/\/ocucenter.com\/"},{"@type":"ListItem","position":2,"name":"Elements","item":"https:\/\/ocucenter.com\/index.php\/elements\/"},{"@type":"ListItem","position":3,"name":"Heading Title"}]},{"@type":"WebSite","@id":"https:\/\/ocucenter.com\/#website","url":"https:\/\/ocucenter.com\/","name":"Ocucenter | Salud Visual","description":"Consultas y descartes oftalmol\u00f3gicos en Bre\u00f1a, diagn\u00f3stico temprano","publisher":{"@id":"https:\/\/ocucenter.com\/#organization"},"potentialAction":[{"@type":"SearchAction","target":{"@type":"EntryPoint","urlTemplate":"https:\/\/ocucenter.com\/?s={search_term_string}"},"query-input":{"@type":"PropertyValueSpecification","valueRequired":true,"valueName":"search_term_string"}}],"inLanguage":"es"},{"@type":"Organization","@id":"https:\/\/ocucenter.com\/#organization","name":"Ocucenter | Salud Visual","url":"https:\/\/ocucenter.com\/","logo":{"@type":"ImageObject","inLanguage":"es","@id":"https:\/\/ocucenter.com\/#\/schema\/logo\/image\/","url":"https:\/\/ocucenter.com\/wp-content\/uploads\/2025\/09\/icono.png","contentUrl":"https:\/\/ocucenter.com\/wp-content\/uploads\/2025\/09\/icono.png","width":512,"height":512,"caption":"Ocucenter | Salud Visual"},"image":{"@id":"https:\/\/ocucenter.com\/#\/schema\/logo\/image\/"},"sameAs":["https:\/\/www.facebook.com\/profile.php?id=61572799346947","https:\/\/www.instagram.com\/ocucenter_oftalmologia\/","https:\/\/www.tiktok.com\/@ocucenter_oftalmologia"]}]}},"_links":{"self":[{"href":"https:\/\/ocucenter.com\/index.php\/wp-json\/wp\/v2\/pages\/301","targetHints":{"allow":["GET"]}}],"collection":[{"href":"https:\/\/ocucenter.com\/index.php\/wp-json\/wp\/v2\/pages"}],"about":[{"href":"https:\/\/ocucenter.com\/index.php\/wp-json\/wp\/v2\/types\/page"}],"author":[{"embeddable":true,"href":"https:\/\/ocucenter.com\/index.php\/wp-json\/wp\/v2\/users\/1"}],"replies":[{"embeddable":true,"href":"https:\/\/ocucenter.com\/index.php\/wp-json\/wp\/v2\/comments?post=301"}],"version-history":[{"count":0,"href":"https:\/\/ocucenter.com\/index.php\/wp-json\/wp\/v2\/pages\/301\/revisions"}],"up":[{"embeddable":true,"href":"https:\/\/ocucenter.com\/index.php\/wp-json\/wp\/v2\/pages\/133"}],"wp:featuredmedia":[{"embeddable":true,"href":"https:\/\/ocucenter.com\/index.php\/wp-json\/wp\/v2\/media\/8304"}],"wp:attachment":[{"href":"https:\/\/ocucenter.com\/index.php\/wp-json\/wp\/v2\/media?parent=301"}],"curies":[{"name":"wp","href":"https:\/\/api.w.org\/{rel}","templated":true}]}}