{"id":5684,"date":"2017-03-27T10:43:08","date_gmt":"2017-03-27T10:43:08","guid":{"rendered":"http:\/\/demo.themelogi.com\/navian\/?page_id=5684"},"modified":"2017-03-27T10:43:08","modified_gmt":"2017-03-27T10:43:08","slug":"2-columns-gallery-modern","status":"publish","type":"page","link":"https:\/\/ocucenter.com\/index.php\/portfolios\/2-columns-gallery-modern\/","title":{"rendered":"2 Columns \u2013 Gallery Modern"},"content":{"rendered":"<p>[vc_row][vc_column]<section class=\"projects\"><div class=\"container modern-2col\"><div class=\"row\"><div class=\"col-sm-12\"><ul class=\"filters  mb0 pb40\" data-project-id=\"project-69f29b65e3d76\">\n\t\t    \t\t<li class=\"filter active\" data-group=\"*\"><a href=\"#\">All<\/a><\/li><li class=\"filter\" data-group=\".fa6b84b13ce63b1f620cbf5a776fa76f\"><a href=\"#\">Branding<\/a><\/li><li class=\"filter\" data-group=\".f0095e685e006e0dec3c47c5e42e5209\"><a href=\"#\">Mockup<\/a><\/li><li class=\"filter\" data-group=\".977b3caa33e1c06c8deb00a99882793f\"><a href=\"#\">Motion Graphic<\/a><\/li><\/ul><\/div><\/div><div class=\"row masonry-loader\">\n    <div class=\"col-sm-12 text-center\">\n        <div class=\"spinner\"><\/div>\n    <\/div>\n<\/div><div id=\"project-69f29b65e3d76\" class=\"row grid-blog masonry masonry-show project-content project-masonry\">\n\t\t\t    \t\t\t\t<div class=\"grid-sizer col-sm-6\"><\/div><div class=\"col-sm-6 masonry-item project project-padding 977b3caa33e1c06c8deb00a99882793f\">\n    <div class=\"boxed-intro overflow-hidden zoom-hover boxed-shadow\">\n        <div class=\"intro-image overflow-hidden relative\">\n            <a class=\"\" href=\"https:\/\/ocucenter.com\/index.php\/Casos%20de%20\u00e9xito\/jump-rope\/\"><img loading=\"lazy\" decoding=\"async\" width=\"600\" height=\"450\" src=\"https:\/\/ocucenter.com\/wp-content\/uploads\/2018\/10\/business-600x450.jpg\" class=\"background-image wp-post-image\" alt=\"\" srcset=\"https:\/\/ocucenter.com\/wp-content\/uploads\/2018\/10\/business-600x450.jpg 600w, https:\/\/ocucenter.com\/wp-content\/uploads\/2018\/10\/business-960x720.jpg 960w\" sizes=\"auto, (max-width: 600px) 100vw, 600px\" \/>            <span class=\"overlay-default\"><\/span>\n            <span class=\"plus-icon\"><\/span>\n            <\/a>        <\/div>\n        <div class=\"intro-content intro-content-small\">\n            <div class=\"entry-meta overflow-hidden text-center\">\n                <a class=\"\" href=\"https:\/\/ocucenter.com\/index.php\/Casos%20de%20\u00e9xito\/jump-rope\/\"><h4 class=\"bold link-primary-title\">Jump Rope<\/h4><h6 class=\"sms-text subtitle regular mb0\">Motion Graphic<\/h6><\/a>            <\/div>\n        <\/div>\n    <\/div>\n<\/div><div class=\"col-sm-6 masonry-item project project-padding fa6b84b13ce63b1f620cbf5a776fa76f f0095e685e006e0dec3c47c5e42e5209\">\n    <div class=\"boxed-intro overflow-hidden zoom-hover boxed-shadow\">\n        <div class=\"intro-image overflow-hidden relative\">\n            <a class=\"\" href=\"https:\/\/ocucenter.com\/index.php\/Casos%20de%20\u00e9xito\/nord-wood\/\"><img loading=\"lazy\" decoding=\"async\" width=\"600\" height=\"450\" src=\"https:\/\/ocucenter.com\/wp-content\/uploads\/2018\/10\/gravity-600x450.jpg\" class=\"background-image wp-post-image\" alt=\"\" \/>            <span class=\"overlay-default\"><\/span>\n            <span class=\"plus-icon\"><\/span>\n            <\/a>        <\/div>\n        <div class=\"intro-content intro-content-small\">\n            <div class=\"entry-meta overflow-hidden text-center\">\n                <a class=\"\" href=\"https:\/\/ocucenter.com\/index.php\/Casos%20de%20\u00e9xito\/nord-wood\/\"><h4 class=\"bold link-primary-title\">Nord Wood<\/h4><h6 class=\"sms-text subtitle regular mb0\">Branding \/ Mockup<\/h6><\/a>            <\/div>\n        <\/div>\n    <\/div>\n<\/div><div class=\"col-sm-6 masonry-item project project-padding f0095e685e006e0dec3c47c5e42e5209\">\n    <div class=\"boxed-intro overflow-hidden zoom-hover boxed-shadow\">\n        <div class=\"intro-image overflow-hidden relative\">\n            <a class=\"\" href=\"https:\/\/ocucenter.com\/index.php\/Casos%20de%20\u00e9xito\/hanging-wall-sign\/\"><img loading=\"lazy\" decoding=\"async\" width=\"600\" height=\"450\" src=\"https:\/\/ocucenter.com\/wp-content\/uploads\/2018\/10\/shopping-bag-600x450.jpg\" class=\"background-image wp-post-image\" alt=\"\" srcset=\"https:\/\/ocucenter.com\/wp-content\/uploads\/2018\/10\/shopping-bag-600x450.jpg 600w, https:\/\/ocucenter.com\/wp-content\/uploads\/2018\/10\/shopping-bag-960x720.jpg 960w\" sizes=\"auto, (max-width: 600px) 100vw, 600px\" \/>            <span class=\"overlay-default\"><\/span>\n            <span class=\"plus-icon\"><\/span>\n            <\/a>        <\/div>\n        <div class=\"intro-content intro-content-small\">\n            <div class=\"entry-meta overflow-hidden text-center\">\n                <a class=\"\" href=\"https:\/\/ocucenter.com\/index.php\/Casos%20de%20\u00e9xito\/hanging-wall-sign\/\"><h4 class=\"bold link-primary-title\">Hanging Wall Sign<\/h4><h6 class=\"sms-text subtitle regular mb0\">Mockup<\/h6><\/a>            <\/div>\n        <\/div>\n    <\/div>\n<\/div><div class=\"col-sm-6 masonry-item project project-padding fa6b84b13ce63b1f620cbf5a776fa76f f0095e685e006e0dec3c47c5e42e5209\">\n    <div class=\"boxed-intro overflow-hidden zoom-hover boxed-shadow\">\n        <div class=\"intro-image overflow-hidden relative\">\n            <a class=\"\" href=\"https:\/\/ocucenter.com\/index.php\/Casos%20de%20\u00e9xito\/retro-woman\/\"><img loading=\"lazy\" decoding=\"async\" width=\"600\" height=\"450\" src=\"https:\/\/ocucenter.com\/wp-content\/uploads\/2018\/10\/paper-brand-600x450.jpg\" class=\"background-image wp-post-image\" alt=\"\" srcset=\"https:\/\/ocucenter.com\/wp-content\/uploads\/2018\/10\/paper-brand-600x450.jpg 600w, https:\/\/ocucenter.com\/wp-content\/uploads\/2018\/10\/paper-brand-960x720.jpg 960w\" sizes=\"auto, (max-width: 600px) 100vw, 600px\" \/>            <span class=\"overlay-default\"><\/span>\n            <span class=\"plus-icon\"><\/span>\n            <\/a>        <\/div>\n        <div class=\"intro-content intro-content-small\">\n            <div class=\"entry-meta overflow-hidden text-center\">\n                <a class=\"\" href=\"https:\/\/ocucenter.com\/index.php\/Casos%20de%20\u00e9xito\/retro-woman\/\"><h4 class=\"bold link-primary-title\">Retro Woman<\/h4><h6 class=\"sms-text subtitle regular mb0\">Branding \/ Mockup<\/h6><\/a>            <\/div>\n        <\/div>\n    <\/div>\n<\/div><div class=\"col-sm-6 masonry-item project project-padding fa6b84b13ce63b1f620cbf5a776fa76f 977b3caa33e1c06c8deb00a99882793f\">\n    <div class=\"boxed-intro overflow-hidden zoom-hover boxed-shadow\">\n        <div class=\"intro-image overflow-hidden relative\">\n            <a class=\"\" href=\"https:\/\/ocucenter.com\/index.php\/Casos%20de%20\u00e9xito\/wall-sign-bardo\/\"><img loading=\"lazy\" decoding=\"async\" width=\"600\" height=\"450\" src=\"https:\/\/ocucenter.com\/wp-content\/uploads\/2018\/10\/notebook-600x450.jpg\" class=\"background-image wp-post-image\" alt=\"\" srcset=\"https:\/\/ocucenter.com\/wp-content\/uploads\/2018\/10\/notebook-600x450.jpg 600w, https:\/\/ocucenter.com\/wp-content\/uploads\/2018\/10\/notebook-960x720.jpg 960w\" sizes=\"auto, (max-width: 600px) 100vw, 600px\" \/>            <span class=\"overlay-default\"><\/span>\n            <span class=\"plus-icon\"><\/span>\n            <\/a>        <\/div>\n        <div class=\"intro-content intro-content-small\">\n            <div class=\"entry-meta overflow-hidden text-center\">\n                <a class=\"\" href=\"https:\/\/ocucenter.com\/index.php\/Casos%20de%20\u00e9xito\/wall-sign-bardo\/\"><h4 class=\"bold link-primary-title\">Wall Sign Bardo<\/h4><h6 class=\"sms-text subtitle regular mb0\">Branding \/ Motion Graphic<\/h6><\/a>            <\/div>\n        <\/div>\n    <\/div>\n<\/div><div class=\"col-sm-6 masonry-item project project-padding fa6b84b13ce63b1f620cbf5a776fa76f 977b3caa33e1c06c8deb00a99882793f\">\n    <div class=\"boxed-intro overflow-hidden zoom-hover boxed-shadow\">\n        <div class=\"intro-image overflow-hidden relative\">\n            <a class=\"\" href=\"https:\/\/ocucenter.com\/index.php\/Casos%20de%20\u00e9xito\/cosmetics-package\/\"><img loading=\"lazy\" decoding=\"async\" width=\"600\" height=\"450\" src=\"https:\/\/ocucenter.com\/wp-content\/uploads\/2016\/02\/preview-600x450.jpg\" class=\"background-image wp-post-image\" alt=\"\" srcset=\"https:\/\/ocucenter.com\/wp-content\/uploads\/2016\/02\/preview-600x450.jpg 600w, https:\/\/ocucenter.com\/wp-content\/uploads\/2016\/02\/preview-960x720.jpg 960w\" sizes=\"auto, (max-width: 600px) 100vw, 600px\" \/>            <span class=\"overlay-default\"><\/span>\n            <span class=\"plus-icon\"><\/span>\n            <\/a>        <\/div>\n        <div class=\"intro-content intro-content-small\">\n            <div class=\"entry-meta overflow-hidden text-center\">\n                <a class=\"\" href=\"https:\/\/ocucenter.com\/index.php\/Casos%20de%20\u00e9xito\/cosmetics-package\/\"><h4 class=\"bold link-primary-title\">Cosmetics Package<\/h4><h6 class=\"sms-text subtitle regular mb0\">Branding \/ Motion Graphic<\/h6><\/a>            <\/div>\n        <\/div>\n    <\/div>\n<\/div><\/div><\/div><\/section>[\/vc_column][\/vc_row]<\/p>\n","protected":false},"excerpt":{"rendered":"<p>[vc_row][vc_column][\/vc_column][\/vc_row]<\/p>\n","protected":false},"author":1,"featured_media":0,"parent":1843,"menu_order":0,"comment_status":"closed","ping_status":"closed","template":"","meta":{"footnotes":""},"class_list":["post-5684","page","type-page","status-publish","hentry"],"yoast_head":"<!-- This site is optimized with the Yoast SEO plugin v26.0 - https:\/\/yoast.com\/wordpress\/plugins\/seo\/ -->\n<title>2 Columns \u2013 Gallery Modern - Ocucenter | Salud Visual<\/title>\n<meta name=\"robots\" content=\"index, follow, max-snippet:-1, max-image-preview:large, max-video-preview:-1\" \/>\n<link rel=\"canonical\" href=\"https:\/\/ocucenter.com\/index.php\/portfolios\/2-columns-gallery-modern\/\" \/>\n<meta property=\"og:locale\" content=\"es_ES\" \/>\n<meta property=\"og:type\" content=\"article\" \/>\n<meta property=\"og:title\" content=\"2 Columns \u2013 Gallery Modern - Ocucenter | Salud Visual\" \/>\n<meta property=\"og:description\" content=\"[vc_row][vc_column][\/vc_column][\/vc_row]\" \/>\n<meta property=\"og:url\" content=\"https:\/\/ocucenter.com\/index.php\/portfolios\/2-columns-gallery-modern\/\" \/>\n<meta property=\"og:site_name\" content=\"Ocucenter | Salud Visual\" \/>\n<meta property=\"article:publisher\" content=\"https:\/\/www.facebook.com\/profile.php?id=61572799346947\" \/>\n<meta name=\"twitter:card\" content=\"summary_large_image\" \/>\n<script type=\"application\/ld+json\" class=\"yoast-schema-graph\">{\"@context\":\"https:\/\/schema.org\",\"@graph\":[{\"@type\":\"WebPage\",\"@id\":\"https:\/\/ocucenter.com\/index.php\/portfolios\/2-columns-gallery-modern\/\",\"url\":\"https:\/\/ocucenter.com\/index.php\/portfolios\/2-columns-gallery-modern\/\",\"name\":\"2 Columns \u2013 Gallery Modern - Ocucenter | Salud Visual\",\"isPartOf\":{\"@id\":\"https:\/\/ocucenter.com\/#website\"},\"datePublished\":\"2017-03-27T10:43:08+00:00\",\"breadcrumb\":{\"@id\":\"https:\/\/ocucenter.com\/index.php\/portfolios\/2-columns-gallery-modern\/#breadcrumb\"},\"inLanguage\":\"es\",\"potentialAction\":[{\"@type\":\"ReadAction\",\"target\":[\"https:\/\/ocucenter.com\/index.php\/portfolios\/2-columns-gallery-modern\/\"]}]},{\"@type\":\"BreadcrumbList\",\"@id\":\"https:\/\/ocucenter.com\/index.php\/portfolios\/2-columns-gallery-modern\/#breadcrumb\",\"itemListElement\":[{\"@type\":\"ListItem\",\"position\":1,\"name\":\"Portada\",\"item\":\"https:\/\/ocucenter.com\/\"},{\"@type\":\"ListItem\",\"position\":2,\"name\":\"Portfolios\",\"item\":\"https:\/\/ocucenter.com\/index.php\/portfolios\/\"},{\"@type\":\"ListItem\",\"position\":3,\"name\":\"2 Columns \u2013 Gallery Modern\"}]},{\"@type\":\"WebSite\",\"@id\":\"https:\/\/ocucenter.com\/#website\",\"url\":\"https:\/\/ocucenter.com\/\",\"name\":\"Ocucenter | Salud Visual\",\"description\":\"Consultas y descartes oftalmol\u00f3gicos en Bre\u00f1a, diagn\u00f3stico temprano\",\"publisher\":{\"@id\":\"https:\/\/ocucenter.com\/#organization\"},\"potentialAction\":[{\"@type\":\"SearchAction\",\"target\":{\"@type\":\"EntryPoint\",\"urlTemplate\":\"https:\/\/ocucenter.com\/?s={search_term_string}\"},\"query-input\":{\"@type\":\"PropertyValueSpecification\",\"valueRequired\":true,\"valueName\":\"search_term_string\"}}],\"inLanguage\":\"es\"},{\"@type\":\"Organization\",\"@id\":\"https:\/\/ocucenter.com\/#organization\",\"name\":\"Ocucenter | Salud Visual\",\"url\":\"https:\/\/ocucenter.com\/\",\"logo\":{\"@type\":\"ImageObject\",\"inLanguage\":\"es\",\"@id\":\"https:\/\/ocucenter.com\/#\/schema\/logo\/image\/\",\"url\":\"https:\/\/ocucenter.com\/wp-content\/uploads\/2025\/09\/icono.png\",\"contentUrl\":\"https:\/\/ocucenter.com\/wp-content\/uploads\/2025\/09\/icono.png\",\"width\":512,\"height\":512,\"caption\":\"Ocucenter | Salud Visual\"},\"image\":{\"@id\":\"https:\/\/ocucenter.com\/#\/schema\/logo\/image\/\"},\"sameAs\":[\"https:\/\/www.facebook.com\/profile.php?id=61572799346947\",\"https:\/\/www.instagram.com\/ocucenter_oftalmologia\/\",\"https:\/\/www.tiktok.com\/@ocucenter_oftalmologia\"]}]}<\/script>\n<!-- \/ Yoast SEO plugin. -->","yoast_head_json":{"title":"2 Columns \u2013 Gallery Modern - Ocucenter | Salud Visual","robots":{"index":"index","follow":"follow","max-snippet":"max-snippet:-1","max-image-preview":"max-image-preview:large","max-video-preview":"max-video-preview:-1"},"canonical":"https:\/\/ocucenter.com\/index.php\/portfolios\/2-columns-gallery-modern\/","og_locale":"es_ES","og_type":"article","og_title":"2 Columns \u2013 Gallery Modern - Ocucenter | Salud Visual","og_description":"[vc_row][vc_column][\/vc_column][\/vc_row]","og_url":"https:\/\/ocucenter.com\/index.php\/portfolios\/2-columns-gallery-modern\/","og_site_name":"Ocucenter | Salud Visual","article_publisher":"https:\/\/www.facebook.com\/profile.php?id=61572799346947","twitter_card":"summary_large_image","schema":{"@context":"https:\/\/schema.org","@graph":[{"@type":"WebPage","@id":"https:\/\/ocucenter.com\/index.php\/portfolios\/2-columns-gallery-modern\/","url":"https:\/\/ocucenter.com\/index.php\/portfolios\/2-columns-gallery-modern\/","name":"2 Columns \u2013 Gallery Modern - Ocucenter | Salud Visual","isPartOf":{"@id":"https:\/\/ocucenter.com\/#website"},"datePublished":"2017-03-27T10:43:08+00:00","breadcrumb":{"@id":"https:\/\/ocucenter.com\/index.php\/portfolios\/2-columns-gallery-modern\/#breadcrumb"},"inLanguage":"es","potentialAction":[{"@type":"ReadAction","target":["https:\/\/ocucenter.com\/index.php\/portfolios\/2-columns-gallery-modern\/"]}]},{"@type":"BreadcrumbList","@id":"https:\/\/ocucenter.com\/index.php\/portfolios\/2-columns-gallery-modern\/#breadcrumb","itemListElement":[{"@type":"ListItem","position":1,"name":"Portada","item":"https:\/\/ocucenter.com\/"},{"@type":"ListItem","position":2,"name":"Portfolios","item":"https:\/\/ocucenter.com\/index.php\/portfolios\/"},{"@type":"ListItem","position":3,"name":"2 Columns \u2013 Gallery Modern"}]},{"@type":"WebSite","@id":"https:\/\/ocucenter.com\/#website","url":"https:\/\/ocucenter.com\/","name":"Ocucenter | Salud Visual","description":"Consultas y descartes oftalmol\u00f3gicos en Bre\u00f1a, diagn\u00f3stico temprano","publisher":{"@id":"https:\/\/ocucenter.com\/#organization"},"potentialAction":[{"@type":"SearchAction","target":{"@type":"EntryPoint","urlTemplate":"https:\/\/ocucenter.com\/?s={search_term_string}"},"query-input":{"@type":"PropertyValueSpecification","valueRequired":true,"valueName":"search_term_string"}}],"inLanguage":"es"},{"@type":"Organization","@id":"https:\/\/ocucenter.com\/#organization","name":"Ocucenter | Salud Visual","url":"https:\/\/ocucenter.com\/","logo":{"@type":"ImageObject","inLanguage":"es","@id":"https:\/\/ocucenter.com\/#\/schema\/logo\/image\/","url":"https:\/\/ocucenter.com\/wp-content\/uploads\/2025\/09\/icono.png","contentUrl":"https:\/\/ocucenter.com\/wp-content\/uploads\/2025\/09\/icono.png","width":512,"height":512,"caption":"Ocucenter | Salud Visual"},"image":{"@id":"https:\/\/ocucenter.com\/#\/schema\/logo\/image\/"},"sameAs":["https:\/\/www.facebook.com\/profile.php?id=61572799346947","https:\/\/www.instagram.com\/ocucenter_oftalmologia\/","https:\/\/www.tiktok.com\/@ocucenter_oftalmologia"]}]}},"_links":{"self":[{"href":"https:\/\/ocucenter.com\/index.php\/wp-json\/wp\/v2\/pages\/5684","targetHints":{"allow":["GET"]}}],"collection":[{"href":"https:\/\/ocucenter.com\/index.php\/wp-json\/wp\/v2\/pages"}],"about":[{"href":"https:\/\/ocucenter.com\/index.php\/wp-json\/wp\/v2\/types\/page"}],"author":[{"embeddable":true,"href":"https:\/\/ocucenter.com\/index.php\/wp-json\/wp\/v2\/users\/1"}],"replies":[{"embeddable":true,"href":"https:\/\/ocucenter.com\/index.php\/wp-json\/wp\/v2\/comments?post=5684"}],"version-history":[{"count":0,"href":"https:\/\/ocucenter.com\/index.php\/wp-json\/wp\/v2\/pages\/5684\/revisions"}],"up":[{"embeddable":true,"href":"https:\/\/ocucenter.com\/index.php\/wp-json\/wp\/v2\/pages\/1843"}],"wp:attachment":[{"href":"https:\/\/ocucenter.com\/index.php\/wp-json\/wp\/v2\/media?parent=5684"}],"curies":[{"name":"wp","href":"https:\/\/api.w.org\/{rel}","templated":true}]}}